CREATE DATABASE  IF NOT EXISTS `projectdb` /*!40100 DEFAULT CHARACTER SET utf8 */;
USE `projectdb`;
-- MySQL dump 10.13  Distrib 8.0.15, for Win64 (x86_64)
--
-- Host: localhost    Database: projectdb
-- ------------------------------------------------------
-- Server version	8.0.15

/*!40101 SET @OLD_CHARACTER_SET_CLIENT=@@CHARACTER_SET_CLIENT */;
/*!40101 SET @OLD_CHARACTER_SET_RESULTS=@@CHARACTER_SET_RESULTS */;
/*!40101 SET @OLD_COLLATION_CONNECTION=@@COLLATION_CONNECTION */;
 SET NAMES utf8 ;
/*!40103 SET @OLD_TIME_ZONE=@@TIME_ZONE */;
/*!40103 SET TIME_ZONE='+00:00' */;
/*!40014 SET @OLD_UNIQUE_CHECKS=@@UNIQUE_CHECKS, UNIQUE_CHECKS=0 */;
/*!40014 SET @OLD_FOREIGN_KEY_CHECKS=@@FOREIGN_KEY_CHECKS, FOREIGN_KEY_CHECKS=0 */;
/*!40101 SET @OLD_SQL_MODE=@@SQL_MODE, SQL_MODE='NO_AUTO_VALUE_ON_ZERO' */;
/*!40111 SET @OLD_SQL_NOTES=@@SQL_NOTES, SQL_NOTES=0 */;

--
-- Table structure for table `actions`
--

DROP TABLE IF EXISTS `actions`;
/*!40101 SET @saved_cs_client     = @@character_set_client */;
 SET character_set_client = utf8mb4 ;
CREATE TABLE `actions` (
  `ActionID` int(11) NOT NULL,
  `Action` varchar(100) DEFAULT NULL,
  PRIMARY KEY (`ActionID`)
) ENGINE=InnoDB DEFAULT CHARSET=utf8;
/*!40101 SET character_set_client = @saved_cs_client */;

--
-- Dumping data for table `actions`
--

LOCK TABLES `actions` WRITE;
/*!40000 ALTER TABLE `actions` DISABLE KEYS */;
INSERT INTO `actions` VALUES (1,'On'),(2,'Off'),(3,'Links'),(4,'Rechts'),(5,'Up'),(6,'Down'),(7,'Speed'),(8,'Battery Status'),(9,'Battery Percentage'),(10,'x_as'),(11,'y_as');
/*!40000 ALTER TABLE `actions` ENABLE KEYS */;
UNLOCK TABLES;

--
-- Table structure for table `gebruikers`
--

DROP TABLE IF EXISTS `gebruikers`;
/*!40101 SET @saved_cs_client     = @@character_set_client */;
 SET character_set_client = utf8mb4 ;
CREATE TABLE `gebruikers` (
  `GebruikersID` int(11) NOT NULL,
  `Gebruikersnaam` varchar(45) DEFAULT NULL,
  `Voornaam` varchar(100) DEFAULT NULL,
  `Familienaam` varchar(100) DEFAULT NULL,
  `Emailadres` varchar(100) DEFAULT NULL,
  PRIMARY KEY (`GebruikersID`)
) ENGINE=InnoDB DEFAULT CHARSET=utf8;
/*!40101 SET character_set_client = @saved_cs_client */;

--
-- Dumping data for table `gebruikers`
--

LOCK TABLES `gebruikers` WRITE;
/*!40000 ALTER TABLE `gebruikers` DISABLE KEYS */;
INSERT INTO `gebruikers` VALUES (1,'Isabelle Z. Herrera','Lynn','Sparks','hymenaeos@posuerecubilia.co.uk'),(2,'Jillian Y. Best','Wyoming','Oliver','sociis.natoque.penatibus@Inscelerisquescelerisque.net'),(3,'Christen M. Merrill','Abdul','Payne','mollis.non@suscipitnonummyFusce.net'),(4,'Sigourney I. Kennedy','Darryl','Jenkins','at@In.com'),(5,'Cleo E. Morales','Yasir','Atkinson','eget.magna@dolor.net'),(6,'Zachery S. Perez','Yardley','Nguyen','malesuada.fringilla.est@aliquetmetus.co.uk'),(7,'Kimberley U. Fernandez','Jade','Walters','ante.bibendum.ullamcorper@Integer.com'),(8,'Fritz H. Greene','Colton','Santana','luctus@estarcu.com'),(9,'Hasad R. Lyons','Uriel','Forbes','ornare.libero@adipiscingfringilla.ca'),(10,'Jemima R. Rowe','Aretha','Gallegos','non@mollisvitae.co.uk'),(11,'Jerry J. Shaffer','Aristotle','Clay','lacinia@adipiscingenimmi.org'),(12,'Raya F. Rivers','Camden','Bradshaw','non@Nuncmauriselit.edu'),(13,'Isabella D. Valentine','Kirk','Wright','netus.et@orciconsectetuereuismod.net'),(14,'Orli V. Hines','Shaeleigh','Casey','nisl.Quisque@natoquepenatibus.edu'),(15,'Margaret V. Franco','Rama','Nguyen','ut.molestie@nisidictumaugue.org'),(16,'Ferdinand Y. Leon','Taylor','Koch','sem@blanditcongue.com'),(17,'Jerry L. Cleveland','Mary','Mendoza','faucibus.orci.luctus@mifelisadipiscing.edu'),(18,'Bradley I. Walker','Griffith','Tucker','magna.a@magnis.net'),(19,'Yvette M. Morgan','Hamilton','Grimes','accumsan@idantedictum.edu'),(20,'Naida G. Shaw','Tad','Boyer','consequat@porttitor.ca'),(21,'Alexis H. Tate','Addison','Slater','neque@sitametmassa.com'),(22,'Blake F. Harrison','Inga','Vance','libero.at.auctor@etlibero.com'),(23,'Echo F. Knapp','Randall','Cook','felis.eget.varius@magnaCras.edu'),(24,'Noah M. Craig','Raya','Sandoval','gravida.Praesent.eu@lectusCum.com'),(25,'Simon G. Wagner','Neville','Roberts','nunc.id@iaculisaliquetdiam.ca'),(26,'Hop G. Webster','Kareem','Sanford','interdum.Curabitur.dictum@Innec.com'),(27,'Jacob E. Koch','Brenna','Osborne','risus@Vivamusnonlorem.com'),(28,'Deborah S. Shepard','Daryl','Lancaster','velit@pharetraQuisqueac.co.uk'),(29,'Jerome H. Cervantes','Rylee','Houston','magnis@aliquetlobortis.org'),(30,'Mufutau A. Cruz','Silas','Moss','condimentum.Donec.at@rutrum.com'),(31,'Rae H. Hudson','Kareem','Bright','sem.elit@sagittisNullam.ca'),(32,'Ashton R. Knowles','Freya','Miles','ac.mattis@ipsumPhasellus.com'),(33,'Gay U. Newman','Graham','Gill','ullamcorper.Duis@nuncQuisque.org'),(34,'Debra X. Pitts','Norman','Cruz','velit@risusNunc.org'),(35,'Kyle F. Harrington','Gabriel','Powers','Nam@litora.co.uk'),(36,'Deanna L. Marshall','Guy','Thornton','Maecenas@blanditNam.edu'),(37,'Kieran K. Greene','Adam','Lindsay','lacus@velit.net'),(38,'Eliana C. Larsen','Robin','Wise','mauris.sapien.cursus@vestibulum.org'),(39,'Nasim A. Mosley','Nolan','Raymond','sagittis@montes.org'),(40,'Gloria J. Larsen','Hop','Mcintosh','sed.turpis.nec@id.edu'),(41,'Ori S. Oneil','Ezekiel','Faulkner','ultrices@Namac.org'),(42,'Peter K. Ewing','Nina','Gross','et@diamnuncullamcorper.co.uk'),(43,'Blossom S. Payne','Maya','Meadows','mauris@vulputateeuodio.edu'),(44,'Slade B. Hoover','Isaiah','Jimenez','Nulla@Nuncut.co.uk'),(45,'Julie H. Mcpherson','Abraham','Yates','eleifend@eu.com'),(46,'Macaulay I. Foster','Preston','Wiggins','et.malesuada.fames@hymenaeosMaurisut.ca'),(47,'Maile Z. Alston','Curran','Stein','nec.urna.et@cursus.ca'),(48,'Nash Y. Burton','Mohammad','Pacheco','amet.diam.eu@scelerisque.org'),(49,'Jessica Q. Benjamin','Dustin','Chapman','euismod.est@mattisvelit.edu'),(50,'Plato L. Talley','Kareem','Sutton','Proin.vel@massalobortisultrices.edu'),(51,'Macaulay N. Whitfield','Thomas','England','vitae.mauris.sit@Aliquamgravidamauris.edu'),(52,'Bell P. Michael','Porter','Young','augue.ut.lacus@neque.net'),(53,'Elliott P. Dejesus','Judith','Harmon','libero.at.auctor@vitae.com'),(54,'Clarke P. Curtis','Raven','Malone','aliquet.Proin.velit@Suspendissealiquet.org'),(55,'Montana D. Petty','Silas','Mckenzie','Quisque.varius@Suspendisse.edu'),(56,'Beau B. Calhoun','Byron','Pruitt','posuere@ullamcorperDuisat.org'),(57,'Vladimir W. William','Harriet','Foley','aliquet@id.co.uk'),(58,'Ciaran W. Velez','Louis','Wallace','In.faucibus@lacus.ca'),(59,'Germaine K. Campbell','Jade','Vang','faucibus.lectus@vitaesodalesnisi.net'),(60,'Tyler P. Russell','Glenna','Peck','ac@Fusce.com'),(61,'Halee Q. Beach','Ivory','Phillips','eu.turpis@eu.edu'),(62,'Maia G. Dominguez','Astra','Frye','sem.Pellentesque.ut@dolorsitamet.net'),(63,'Lacota N. Oneal','Caleb','Morrow','et.eros@euismodurna.com'),(64,'Amethyst E. Richardson','Daniel','Guzman','erat.neque@metusAliquam.net'),(65,'Hayley F. Landry','Xena','Duffy','auctor@lobortisnisi.ca'),(66,'Chester Z. Morrison','Rae','Beach','sit@mollis.co.uk'),(67,'Reece N. Ferguson','Jesse','Guzman','facilisis.facilisis@erat.net'),(68,'Lyle C. Mcleod','Cody','Emerson','auctor@aliquet.ca'),(69,'Arthur B. House','Amelia','Serrano','dolor@eulacus.org'),(70,'Lysandra T. Moss','Lionel','Hudson','pede.ac.urna@gravida.edu'),(71,'Zia R. Jordan','Aline','Stuart','magna.Praesent@massa.edu'),(72,'Brennan F. Wolf','Savannah','Alvarado','eget.lacus@nonmagna.co.uk'),(73,'Dane I. Lane','Barbara','Duran','sem@malesuadamalesuadaInteger.net'),(74,'Coby U. Callahan','Michael','Blake','orci.Phasellus.dapibus@nulla.net'),(75,'Graham V. Cook','Randall','Buck','magnis@Utnec.org'),(76,'Ivor U. Bradshaw','Donna','Colon','sed.dictum@antedictummi.net'),(77,'Nasim H. Stevenson','Chiquita','Mills','molestie.Sed@inhendreritconsectetuer.com'),(78,'Magee H. Nicholson','Erich','Pate','magna.Phasellus.dolor@felis.edu'),(79,'Dennis N. Dean','Anthony','Clemons','Praesent.eu.nulla@magnased.edu'),(80,'Ori C. Stanley','Carl','Medina','natoque.penatibus@sagittissemperNam.net'),(81,'Jonas F. Walls','Lareina','Meyer','odio@pedeCumsociis.org'),(82,'Delilah L. Stark','Chadwick','Mcgowan','est@semmollisdui.org'),(83,'Seth U. Talley','Grady','Reed','Proin.vel.nisl@vulputaterisusa.org'),(84,'Xerxes I. Gray','Ifeoma','David','sollicitudin@fringillapurusmauris.org'),(85,'May W. Hubbard','Rashad','Vaughan','porttitor.eros.nec@aliquamenim.org'),(86,'Quinn A. Harvey','Kareem','Wong','placerat@et.com'),(87,'Halee R. Blanchard','Fletcher','Lang','Donec.consectetuer.mauris@utcursusluctus.ca'),(88,'Madeson E. Salas','Matthew','Bird','magna@Namligula.edu'),(89,'August J. Saunders','Ignatius','Lucas','dolor.vitae.dolor@disparturientmontes.com'),(90,'Bethany W. Herman','Aristotle','Harper','posuere@dolor.edu'),(91,'Stella Y. Travis','Bo','Obrien','eu@sitametconsectetuer.org'),(92,'Nero I. Livingston','McKenzie','Padilla','metus@primis.net'),(93,'Anika E. Holman','Ronan','Vinson','turpis.egestas.Fusce@ridiculusmus.org'),(94,'Stacey Z. Cox','Justina','Ewing','magna.nec.quam@interdumNuncsollicitudin.ca'),(95,'Andrew I. Kaufman','Arthur','Oliver','nascetur.ridiculus@vitae.edu'),(96,'Timothy X. Russo','Caesar','Hunter','tellus.non.magna@fringilla.com'),(97,'Troy C. Calhoun','Charlotte','Mckee','non.leo@dolorFusce.ca'),(98,'Ashely T. Johns','Veronica','Downs','Vivamus.nibh.dolor@Etiamgravida.edu'),(99,'Danielle J. Rutledge','Seth','Strong','risus.Quisque.libero@pede.net'),(100,'Drew G. Mccarthy','Adam','Barrett','vitae@Cum.edu'),(101,'Aniket.Arora','Aniket','Arora','aniket_2000@live.com'),(102,'Default','Default','Defaut','Default@default.be');
/*!40000 ALTER TABLE `gebruikers` ENABLE KEYS */;
UNLOCK TABLES;

--
-- Table structure for table `historiek`
--

DROP TABLE IF EXISTS `historiek`;
/*!40101 SET @saved_cs_client     = @@character_set_client */;
 SET character_set_client = utf8mb4 ;
CREATE TABLE `historiek` (
  `HistoriekID` int(11) NOT NULL,
  `GebruikersID` int(11) NOT NULL,
  `From` datetime NOT NULL,
  `Till` datetime NOT NULL,
  `ActionID` int(11) NOT NULL,
  `waarde` varchar(45) DEFAULT NULL,
  PRIMARY KEY (`HistoriekID`),
  KEY `fk_actions_historiek_idx` (`ActionID`),
  KEY `fk_gebruikers_historiek_idx` (`GebruikersID`),
  CONSTRAINT `fk_actions_historiek` FOREIGN KEY (`ActionID`) REFERENCES `actions` (`ActionID`),
  CONSTRAINT `fk_gebruikers_historiek` FOREIGN KEY (`GebruikersID`) REFERENCES `gebruikers` (`GebruikersID`)
) ENGINE=InnoDB DEFAULT CHARSET=utf8;
/*!40101 SET character_set_client = @saved_cs_client */;

--
-- Dumping data for table `historiek`
--

LOCK TABLES `historiek` WRITE;
/*!40000 ALTER TABLE `historiek` DISABLE KEYS */;
INSERT INTO `historiek` VALUES (1,1,'2010-01-19 00:00:00','2013-09-18 00:00:00',3,'707'),(2,2,'2008-07-18 00:00:00','2010-06-19 00:00:00',4,'597'),(3,3,'2005-01-19 00:00:00','2013-08-18 00:00:00',3,'754'),(4,4,'2014-01-20 00:00:00','2021-12-18 00:00:00',8,'597'),(5,5,'2005-04-19 00:00:00','2018-08-18 00:00:00',6,'409'),(6,6,'2013-02-19 00:00:00','2016-01-19 00:00:00',3,'585'),(7,7,'2031-03-20 00:00:00','2017-11-19 00:00:00',2,'575'),(8,8,'2009-01-19 00:00:00','2011-09-19 00:00:00',5,'917'),(9,9,'2023-10-19 00:00:00','2015-12-19 00:00:00',4,'410'),(10,10,'2003-12-19 00:00:00','2001-08-18 00:00:00',8,'824'),(11,11,'2015-07-18 00:00:00','2017-07-18 00:00:00',3,'904'),(12,12,'2029-08-19 00:00:00','2021-07-18 00:00:00',6,'190'),(13,13,'2028-04-19 00:00:00','2014-11-18 00:00:00',5,'957'),(14,14,'2020-01-20 00:00:00','2024-02-20 00:00:00',7,'269'),(15,15,'2006-06-18 00:00:00','2016-10-19 00:00:00',9,'801'),(16,16,'2014-02-20 00:00:00','2019-05-19 00:00:00',9,'624'),(17,17,'2012-04-19 00:00:00','2011-12-19 00:00:00',4,'871'),(18,18,'2005-03-20 00:00:00','2018-09-19 00:00:00',4,'528'),(19,19,'2023-11-19 00:00:00','2024-07-18 00:00:00',2,'222'),(20,20,'2007-05-19 00:00:00','2009-04-20 00:00:00',1,'115'),(21,21,'2003-05-19 00:00:00','2028-06-19 00:00:00',8,'812'),(22,22,'2005-05-19 00:00:00','2009-09-19 00:00:00',8,'794'),(23,23,'2023-07-19 00:00:00','2024-01-19 00:00:00',1,'888'),(24,24,'2022-12-18 00:00:00','2028-04-20 00:00:00',7,'345'),(25,25,'2011-04-20 00:00:00','2013-03-20 00:00:00',3,'534'),(26,26,'2030-10-19 00:00:00','2022-03-19 00:00:00',3,'214'),(27,27,'2005-02-19 00:00:00','2013-01-20 00:00:00',8,'331'),(28,28,'2026-05-19 00:00:00','2013-10-19 00:00:00',2,'260'),(29,29,'2022-06-18 00:00:00','2028-07-19 00:00:00',3,'272'),(30,30,'2017-07-19 00:00:00','2031-10-18 00:00:00',8,'819'),(31,31,'2016-05-19 00:00:00','2019-11-18 00:00:00',8,'199'),(32,32,'2029-05-18 00:00:00','2005-08-19 00:00:00',5,'916'),(33,33,'2006-11-18 00:00:00','2017-02-19 00:00:00',7,'442'),(34,34,'2027-05-19 00:00:00','2001-03-20 00:00:00',7,'903'),(35,35,'2023-07-19 00:00:00','2006-03-19 00:00:00',8,'883'),(36,36,'2002-12-18 00:00:00','2030-05-19 00:00:00',9,'657'),(37,37,'2002-01-20 00:00:00','2013-06-19 00:00:00',4,'348'),(38,38,'2013-08-18 00:00:00','2007-09-18 00:00:00',6,'920'),(39,39,'2029-09-18 00:00:00','2007-03-19 00:00:00',1,'19'),(40,40,'2009-11-19 00:00:00','2005-02-20 00:00:00',5,'277'),(41,41,'2028-02-19 00:00:00','2003-05-19 00:00:00',5,'626'),(42,42,'2015-12-19 00:00:00','2024-08-18 00:00:00',6,'224'),(43,43,'2015-03-20 00:00:00','2020-07-18 00:00:00',5,'681'),(44,44,'2006-01-19 00:00:00','2008-05-19 00:00:00',9,'606'),(45,45,'2020-08-18 00:00:00','2021-04-19 00:00:00',2,'818'),(46,46,'2011-06-19 00:00:00','2005-04-20 00:00:00',7,'586'),(47,47,'2029-05-18 00:00:00','2017-09-19 00:00:00',9,'737'),(48,48,'2004-02-19 00:00:00','2011-06-18 00:00:00',8,'609'),(49,49,'2009-10-18 00:00:00','2007-04-19 00:00:00',9,'428'),(50,50,'2023-07-18 00:00:00','2005-09-19 00:00:00',9,'980'),(51,51,'2028-09-19 00:00:00','2001-12-18 00:00:00',6,'987'),(52,52,'2001-04-20 00:00:00','2026-07-19 00:00:00',2,'559'),(53,53,'2013-03-20 00:00:00','2016-06-18 00:00:00',5,'575'),(54,54,'2013-06-18 00:00:00','2014-09-18 00:00:00',2,'842'),(55,55,'2006-09-19 00:00:00','2027-06-18 00:00:00',1,'468'),(56,56,'2013-09-18 00:00:00','2028-08-19 00:00:00',6,'377'),(57,57,'2026-08-18 00:00:00','2001-09-19 00:00:00',5,'234'),(58,58,'2022-05-19 00:00:00','2029-12-18 00:00:00',3,'923'),(59,59,'2021-05-20 00:00:00','2011-12-18 00:00:00',9,'421'),(60,60,'2019-10-18 00:00:00','2013-08-18 00:00:00',2,'347'),(61,61,'2007-04-19 00:00:00','2003-09-19 00:00:00',4,'75'),(62,62,'2026-08-18 00:00:00','2008-12-18 00:00:00',9,'958'),(63,63,'2013-06-18 00:00:00','2002-01-20 00:00:00',9,'237'),(64,64,'2025-12-19 00:00:00','2001-11-19 00:00:00',4,'429'),(65,65,'2021-06-18 00:00:00','2030-09-19 00:00:00',3,'543'),(66,66,'2030-05-18 00:00:00','2026-08-18 00:00:00',7,'861'),(67,67,'2005-12-19 00:00:00','2009-10-18 00:00:00',7,'299'),(68,68,'2007-05-20 00:00:00','2003-05-19 00:00:00',8,'249'),(69,69,'2014-02-20 00:00:00','2024-12-18 00:00:00',2,'940'),(70,70,'2020-04-19 00:00:00','2020-03-20 00:00:00',1,'287'),(71,71,'2015-11-18 00:00:00','2011-04-20 00:00:00',8,'241'),(72,72,'2006-11-18 00:00:00','2021-03-19 00:00:00',8,'850'),(73,73,'2016-04-19 00:00:00','2024-03-20 00:00:00',9,'269'),(74,74,'2009-08-19 00:00:00','2014-01-19 00:00:00',3,'499'),(75,75,'2014-07-18 00:00:00','2011-02-20 00:00:00',2,'723'),(76,76,'2020-06-19 00:00:00','2016-06-19 00:00:00',1,'238'),(77,77,'2021-05-19 00:00:00','2020-01-19 00:00:00',8,'155'),(78,78,'2025-06-18 00:00:00','2011-02-20 00:00:00',5,'185'),(79,79,'2023-04-19 00:00:00','2007-01-20 00:00:00',9,'107'),(80,80,'2003-09-19 00:00:00','2007-02-20 00:00:00',6,'63'),(81,81,'2014-07-19 00:00:00','2012-12-19 00:00:00',6,'454'),(82,82,'2029-04-19 00:00:00','2011-05-19 00:00:00',7,'673'),(83,83,'2014-05-20 00:00:00','2026-08-19 00:00:00',5,'802'),(84,84,'2018-07-18 00:00:00','2012-04-19 00:00:00',1,'65'),(85,85,'2031-07-19 00:00:00','2007-01-19 00:00:00',3,'915'),(86,86,'2029-05-19 00:00:00','2026-03-19 00:00:00',3,'86'),(87,87,'2013-11-19 00:00:00','2016-12-18 00:00:00',3,'854'),(88,88,'2019-06-18 00:00:00','2007-02-19 00:00:00',4,'646'),(89,89,'2030-10-18 00:00:00','2020-09-18 00:00:00',1,'165'),(90,90,'2027-09-18 00:00:00','2001-10-19 00:00:00',7,'486'),(91,91,'2009-09-19 00:00:00','2018-10-19 00:00:00',2,'533'),(92,92,'2002-08-18 00:00:00','2008-04-19 00:00:00',6,'407'),(93,93,'2009-05-20 00:00:00','2019-11-19 00:00:00',4,'30'),(94,94,'2010-02-19 00:00:00','2021-04-20 00:00:00',9,'448'),(95,95,'2008-04-19 00:00:00','2029-10-18 00:00:00',3,'258'),(96,96,'2024-02-19 00:00:00','2025-03-20 00:00:00',1,'49'),(97,97,'2002-09-18 00:00:00','2005-05-20 00:00:00',5,'46'),(98,98,'2013-03-19 00:00:00','2027-02-20 00:00:00',7,'969'),(99,99,'2001-03-20 00:00:00','2009-01-19 00:00:00',1,'987'),(100,100,'2030-11-18 00:00:00','2021-07-18 00:00:00',8,'507');
/*!40000 ALTER TABLE `historiek` ENABLE KEYS */;
UNLOCK TABLES;

--
-- Dumping events for database 'projectdb'
--

--
-- Dumping routines for database 'projectdb'
--
/*!40103 SET TIME_ZONE=@OLD_TIME_ZONE */;

/*!40101 SET SQL_MODE=@OLD_SQL_MODE */;
/*!40014 SET FOREIGN_KEY_CHECKS=@OLD_FOREIGN_KEY_CHECKS */;
/*!40014 SET UNIQUE_CHECKS=@OLD_UNIQUE_CHECKS */;
/*!40101 SET CHARACTER_SET_CLIENT=@OLD_CHARACTER_SET_CLIENT */;
/*!40101 SET CHARACTER_SET_RESULTS=@OLD_CHARACTER_SET_RESULTS */;
/*!40101 SET COLLATION_CONNECTION=@OLD_COLLATION_CONNECTION */;
/*!40111 SET SQL_NOTES=@OLD_SQL_NOTES */;

-- Dump completed on 2019-06-17 18:13:17
